f -l**2/2 + 14*l + 2. What is the units digit of d(13)?
1
Suppose -5*a - 97 + 297 = 0. What is the units digit of a?
0
Suppose -8 = -2*w - 4*p, -5*w + p - 8 = 16. Let m be ((-20)/25)/(w/10). What is the units digit of (15/6)/(m/8)?
0
Let c = 21 + -1. What is the units digit of c?
0
Suppose v - 2*t - 15 + 4 = 0, 5*v - 4*t - 31 = 0. What is the units digit of v?
3
Suppose -2*d - d + 15 = 0, -2*d - 46 = -2*x. Suppose -4*p + x = -24. Let w = p + -9. What is the units digit of w?
4
Let i = -2 - -6. Let z = 6 + i. What is the units digit of z?
0
Suppose -7 + 130 = n. What is the tens digit of n?
2
Let x(z) = z**2 - 6*z + 1. Let u = 1 - 3. Let v be (-1)/u*14 - 1. What is the units digit of x(v)?
1
Suppose 276 = 4*u - n, -323 = -5*u - 3*n + 22. What is the units digit of u?
9
Let b be (-4 - 1) + 11 + -9. Let r = 5 + b. What is the units digit of r?
2
Let z(d) = -d**2 - d + 3. Let b(o) be the third derivative of o**4/24 + o**3/2 + 3*o**2. Let j be b(-3). What is the units digit of z(j)?
3
Let r(t) be the second derivative of t**3/6 + 4*t**2 + 5*t. Let p(j) = j**2 - 5*j - 6. Let x be p(6). What is the units digit of r(x)?
8
Suppose -2*r = r + 2*i - 16, 5*r = -3*i + 27. What is the units digit of r?
6
Suppose 0 = -0*v - 3*v - 21. Let j be (v/(-3))/((-3)/9). Let s = 22 + j. What is the tens digit of s?
1
Suppose 0 = -5*m - 97 + 272. What is the units digit of m?
5
Let n(b) = b**3 - b**2 - b + 2. Let j be (-18)/(-8) + (-1)/4. Let v = 0 + j. What is the units digit of n(v)?
4
Suppose 5*t - 39 = -14. What is the units digit of t?
5
Let u = -89 - -199. What is the units digit of u?
0
Let q(i) = -i**2 + i + 6. Let m(g) = g + 2. Let k be m(-2). What is the units digit of q(k)?
6
Let q(y) = 19*y**2 + y. Suppose 7*r - 3*r + 4 = 0. What is the tens digit of q(r)?
1
Let n(j) = j**2 - 7*j - 6. Let t be n(8). Suppose -t*w + 4 = -22. What is the units digit of w?
3
Let r = -85 + 137. What is the tens digit of r?
5
Let a(q) = -11*q + 2. Let g be ((-2)/2)/((-2)/(-8)). What is the tens digit of a(g)?
4
Suppose 3 = 4*k - 1. Let g(i) = -i. Let b(o) = 16*o - 1. Let m(s) = b(s) + 4*g(s). What is the units digit of m(k)?
1
Let l(x) = -13*x**3 + 1. Let h = 7 - 8. What is the units digit of l(h)?
4
Suppose 4*s + 2 = -f + 15, 2*s + f = 5. Suppose 3*j = 4*y - 60, s*y - 3*j - 60 = -5*j. What is the tens digit of y?
1
Let x(w) = w**3 + 10*w**2 - 12*w + 4. Let k be -2 - (-18)/(-2)*1. What is the tens digit of x(k)?
1
Suppose 0*c = -2*c + 200. What is the tens digit of c?
0
Let a(c) = -c**3 + 7*c**2 + 3*c - 3. What is the tens digit of a(6)?
5
Suppose -f = -3*f + 8. Let o be (-66)/(-8) + (-1)/f. Suppose -k = -o - 5. What is the tens digit of k?
1
What is the units digit of -8*(6 + -3 - 4)?
8
Suppose 443 = 5*a + f, 2*a - 5*f - 117 = 44. What is the tens digit of a?
8
Let p(x) = x**3 + 8*x**2 + 10*x - 8. Let t be p(-6). What is the tens digit of (-1 - 0)/(t/(-172))?
4
Let c(i) = -i**3 + i**2 + 2*i - 1. What is the units digit of c(-2)?
7
Suppose 0 = -3*n + 188 + 7. What is the tens digit of n?
6
Let t be 2/(-2) - (-2 - -16). Let y = 22 + t. What is the units digit of y?
7
Let b(r) = -11*r - 3. What is the units digit of b(-5)?
2
Suppose 2*j - 3*j = -31. What is the units digit of j?
1
Let o be 3 + -6*3*-1. Let f = o - 0. What is the tens digit of f?
2
Let u = 32 + -27. What is the units digit of u?
5
Suppose 6*w = 12*w - 1044. What is the tens digit of w?
7
Let h = 214 + -24. What is the hundreds digit of h?
1
Suppose -9*n = -434 - 583. What is the tens digit of n?
1
Suppose 0 = 6*o - 4*o. Suppose o = -2*r + 3 - 1. What is the units digit of r?
1
Suppose -4*h - d = 2*d - 44, h = 2*d + 22. Let n(p) = p**2 - 11*p - 19. What is the units digit of n(h)?
3
Let c(h) be the third derivative of 5*h**4/24 - h**3/2 + h**2. What is the units digit of c(3)?
2
Suppose -3*m - i = m - 347, 4*i = 5*m - 418. What is the tens digit of m?
8
Suppose p = -2*p + 3*u + 180, -2*p + 108 = 4*u. Suppose -p = -5*k - c, k - c + 6*c - 2 = 0. What is the units digit of k?
2
Suppose 7 + 3 = 5*n. Suppose 3*v = -n*q + 11, -7*v - q = -3*v - 8. What is the units digit of v?
1
Suppose h - 53 = 5*b, 5*h - 36 - 99 = -b. What is the units digit of h?
8
Suppose -4*k = -49 - 11. What is the tens digit of k?
1
Suppose 0 = -3*v - 5*t + 108, v - 2*t - t - 22 = 0. What is the units digit of v?
1
Suppose 24 = 5*b - b. Suppose -b*m + m + 65 = 0. Suppose 13 + m = 2*w. What is the units digit of w?
3
Let u = 48 - -38. What is the tens digit of u?
8
Suppose -5*d + 5 + 5 = 0. What is the units digit of d?
2
Let u(r) = -3*r**3 - 2*r**2 - 3*r + 4. Let p be u(-3). Let a be (-6)/14 - p/(-14). Suppose -8 = a*c - 48. What is the units digit of c?
8
Suppose 105 = -k - 4*k. What is the units digit of (-749)/k + (-2)/(-6)?
6
Let f = 13 + -8. Suppose 0 = k - f - 0. Let r = k + -3. What is the units digit of r?
2
Suppose -5*b + 2*i = 6*i - 15, 2*b - 3 = -i. What is the units digit of (2 + b + 0)*7?
7
Let v(c) = 20*c**2 - c. What is the tens digit of v(2)?
7
Suppose -f + 0*f = 5*a - 22, -a + 10 = 3*f. Suppose -f = -2*h - 4*z + 2*z, z + 7 = h. Let s(d) = -d**2 + 11*d - 6. What is the units digit of s(h)?
2
Let d = -5 + 2. Let l be (0 + d/(-3))*3. Suppose 4*x = -n + 14, 23 = 4*n + l*x - 7. What is the units digit of n?
6
Suppose 0*t = -3*t. What is the tens digit of 3 - 2 - (t + -9)?
1
Let d(i) be the third derivative of i**5/60 - i**4/12 - i**3 + 3*i**2. What is the units digit of d(5)?
9
Let z = 27 - 16. Let d = z - 5. Let l = 3 + d. What is the units digit of l?
9
Let j = 53 - 15. What is the units digit of j?
8
Let p be -3*(-4)/18*9. Let q(c) = -1 - c**3 + c - p*c - 7*c**2 - 3*c. What is the tens digit of q(-6)?
1
Suppose -6 = 5*v - 36. Suppose 0 = -3*c - 4*b + 47, -b + v = c - 10. What is the tens digit of c?
1
Let w = -5 - -5. Let z(c) = c**3 + c**2 - c + 3. Let h be z(w). Suppose 5*r + 5*g - 35 = 0, -3*r + h = -5*g + 2*g. What is the units digit of r?
4
Let o be 2/(-2) - (-1 - 1). Let m = 69 + -61. Suppose -m = -s - o. What is the units digit of s?
7
Let b(p) = p**2 - 5*p - 36. What is the units digit of b(-11)?
0
Let d = -95 - -144. Suppose 0 = -4*p - 3*x + 19 + d, 3*p - 76 = 4*x. What is the tens digit of p?
2
Suppose -2*h - d = -14, -5*d = 3*h - 2*d - 15. Suppose 7*t - h*t + 10 = 0. What is the units digit of t?
5
Let m(o) = o**2 + 15*o + 35. What is the units digit of m(-14)?
1
Suppose -5*t + 2*m + 2*m + 192 = 0, 2*m = t - 42. Let i = -24 + t. What is the units digit of i?
2
Let s be (2 + 15/(-6))*-14. Let t(i) = -i + 17. What is the units digit of t(s)?
0
Suppose 31 = 2*q - 55. What is the units digit of q?
3
Suppose -2*s - 3*s - 60 = 0. Let h = s - -22. Suppose h = 2*t, -2*t + 7 = -4*o + t. What is the units digit of o?
2
Suppose -3*d + 1 = -2. Let w be -2*((-42)/4 + d). Suppose 0 = -3*j + 5*z + 13 + 4, -5*j - z = -w. What is the units digit of j?
4
Let x(w) = 5*w - 1. Let l be x(1). Suppose l*z - 37 = 19. What is the tens digit of z?
1
Suppose 18 = 2*t + 2*r, r - 2 = 2*t - 2*r. Suppose t*o - 25 = 80. What is the tens digit of o?
2
Suppose -2*t = -3*u - 16, 4*u + 6 = 2*t - 12. Let q(m) = -m + 5. Let d be q(t). Let b(o) = o + 20. What is the tens digit of b(d)?
2
Suppose -49 = 3*h + 14. Let p = 0 - h. What is the units digit of p?
1
What is the tens digit of 143 + 4 + 3 + -3?
4
Let f(l) = -l**3 + 7*l**2 - 4*l - 1. Let t be f(6). Let i = t + -8. What is the units digit of i?
3
What is the tens digit of (192/18)/((-2)/(-6))?
3
Suppose 4*c + 2*k = -116, 3*c + 151 = 4*k + 53. What is the units digit of ((-9)/18)/(1/c)?
5
Suppose 3*t - 5 - 10 = 0. Suppose t*g + 8 = 33. Suppose g*d = 25 + 25. What is the tens digit of d?
1
Let n(w) = -6*w**2 + 9*w - 4. Let o(l) = -l**2 + l - 1. Let j(b) = n(b) - 5*o(b). Let x be j(3). What is the units digit of (11 + 3)/(x/2)?
7
Let x = 5 + -3. Let l(m) = 0*m - x - 5 + 2*m. What is the units digit of l(5)?
3
Let m = -6 + 39. What is the units digit of m?
3
Suppose -3*v = f - 0*v - 99, 0 = 4*f + 3*v - 405. What is the units digit of f?
2
Suppose 4*n + 38 = 2*n - 4*l, 0 = -5*n + l - 73. What is the units digit of (-3)/n - 94/(-5)?
9
Let p be -1 - -2*(-2)/(-4). Let i = 0 + p. Let x(k) = -k + 3. What is the units digit of x(i)?
3
Suppose 5*j - 590 = -6*x + x, 5*x = 5*j - 540. What is the tens digit of j?
1
Let